{"id":99,"date":"2018-10-22T19:11:34","date_gmt":"2018-10-22T17:11:34","guid":{"rendered":"http:\/\/192.168.1.106\/wordpress\/?page_id=99"},"modified":"2024-10-25T12:00:09","modified_gmt":"2024-10-25T10:00:09","slug":"dydaktyka","status":"publish","type":"page","link":"http:\/\/www.neonatologia2.ump.edu.pl\/index.php\/dydaktyka\/","title":{"rendered":"Dydaktyka"},"content":{"rendered":"<p>Regulamin zaj\u0119\u0107 z neonatologii<\/p>\n<p>Zaj\u0119cia trwaj\u0105 5 dni w godzinach 8:30-12:00 (z p\u00f3\u0142godzinn\u0105 przerw\u0105).&nbsp;<\/p>\n<p>Ka\u017cdy student zobowi\u0105zany jest odby\u0107 dodatkowy dy\u017cur popo\u0142udniowy (4 godziny lekcyjne).<\/p>\n<p>Obecno\u015b\u0107 na wszystkich zaj\u0119ciach jest obowi\u0105zkowa.<\/p>\n<p>W poniedzia\u0142ek przed zaj\u0119ciami studenci powinni zg\u0142osi\u0107 si\u0119 w szatni szpitala w celu odebrania stroju do \u0107wicze\u0144 i przebrani stawi\u0107 si\u0119 przed sal\u0105 seminaryjn\u0105 Katedry Neonatologii o godzinie 8:30. Nale\u017cy przynie\u015b\u0107 obuwie szpitalne i stetoskop.<\/p>\n<p>Zaliczenie zaj\u0119\u0107 odb\u0119dzie si\u0119 na podstawie obecno\u015bci na wszystkich zaj\u0119ciach i zaliczenia pisemnego testu ko\u0144cz\u0105cego zaj\u0119cia w pi\u0105tek.<\/p>\n<p>Spis zagadnie\u0144 obowi\u0105zuj\u0105cych do zaliczenia z neonatologii:<\/p>\n<p>Fizjologia okresu p\u0142odowego oraz mechanizm\u00f3w adaptacji do \u017cycia pozamacicznego (kr\u0105\u017cenie p\u0142odowe, termoregulacja)<br \/>\nBadania przesiewowe i szczepienia w okresie noworodkowym<br \/>\n\u017b\u00f3\u0142taczki noworodkowe: r\u00f3\u017cnicowanie, leczenie<br \/>\nWcze\u015bniactwo, hipotrofia wewn\u0105trzmaciczna, okre\u015blenie wieku ci\u0105\u017cowego<br \/>\nZaka\u017cenia wewn\u0105trzmaciczne bakteryjne i wirusowe<br \/>\nChoroby typowe dla noworodk\u00f3w urodzonych przedwcze\u015bnie: zesp\u00f3\u0142 zaburze\u0144 oddychania, martwicze zapalenie jelit, krwawienia dokomorowe, dysplazja oskrzelowo-p\u0142ucna, retinopatia wcze\u015bniak\u00f3w<br \/>\nNoworodek matki chorej na cukrzyc\u0119<br \/>\nZaburzenia oddychania: diagnostyka r\u00f3\u017cnicowa, post\u0119powanie<br \/>\n\u017bywienie noworodk\u00f3w, karmienie piersi\u0105, \u017cywienie parenteralne<br \/>\nResuscytacja noworodka<br \/>\nWady wrodzone oraz zespo\u0142y genetycznie uwarunkowane<br \/>\nOrganizacja tr\u00f3jstopniowej opieki perinatalnej<\/p>\n<p>&nbsp;<\/p>\n<p>Podr\u0119czniki zalecane dla student\u00f3w IV roku:<\/p>\n<p>\u201ePodstawy neonatologii\u201d J. Gadzinowski, M. Szymankiewicz<br \/>\n\u201eNeonatologia\u201d J. Gadzinowski, D. Vidyasagar<br \/>\n\u201eNeonatologia\u201d J. Szczapa<br \/>\n\u201eNeonatologia\u201d I. Gomella<br \/>\n\u201ePediatria\u201d B. G\u00f3rnicki, B. D\u0119biec, J. Baszczy\u0144ski<br \/>\n\u201eManual of Neonatal Care\u201d, J.Cloherty, E. Eichenwald<\/p>\n","protected":false},"excerpt":{"rendered":"<p>Regulamin zaj\u0119\u0107 z neonatologii Zaj\u0119cia trwaj\u0105 5 dni w godzinach 8:30-12:00 (z p\u00f3\u0142godzinn\u0105 przerw\u0105).&nbsp; Ka\u017cdy student zobowi\u0105zany jest odby\u0107 dodatkowy dy\u017cur popo\u0142udniowy (4 godziny lekcyjne). Obecno\u015b\u0107 na wszystkich zaj\u0119ciach jest obowi\u0105zkowa. W poniedzia\u0142ek przed zaj\u0119ciami studenci powinni zg\u0142osi\u0107 si\u0119 w szatni szpitala w celu odebrania stroju do \u0107wicze\u0144 i przebrani stawi\u0107 si\u0119 przed sal\u0105 seminaryjn\u0105 [&hellip;]<\/p>\n","protected":false},"author":2,"featured_media":0,"parent":0,"menu_order":0,"comment_status":"closed","ping_status":"closed","template":"","meta":{"ngg_post_thumbnail":0},"_links":{"self":[{"href":"http:\/\/www.neonatologia2.ump.edu.pl\/index.php\/wp-json\/wp\/v2\/pages\/99"}],"collection":[{"href":"http:\/\/www.neonatologia2.ump.edu.pl\/index.php\/wp-json\/wp\/v2\/pages"}],"about":[{"href":"http:\/\/www.neonatologia2.ump.edu.pl\/index.php\/wp-json\/wp\/v2\/types\/page"}],"author":[{"embeddable":true,"href":"http:\/\/www.neonatologia2.ump.edu.pl\/index.php\/wp-json\/wp\/v2\/users\/2"}],"replies":[{"embeddable":true,"href":"http:\/\/www.neonatologia2.ump.edu.pl\/index.php\/wp-json\/wp\/v2\/comments?post=99"}],"version-history":[{"count":5,"href":"http:\/\/www.neonatologia2.ump.edu.pl\/index.php\/wp-json\/wp\/v2\/pages\/99\/revisions"}],"predecessor-version":[{"id":926,"href":"http:\/\/www.neonatologia2.ump.edu.pl\/index.php\/wp-json\/wp\/v2\/pages\/99\/revisions\/926"}],"wp:attachment":[{"href":"http:\/\/www.neonatologia2.ump.edu.pl\/index.php\/wp-json\/wp\/v2\/media?parent=99"}],"curies":[{"name":"wp","href":"https:\/\/api.w.org\/{rel}","templated":true}]}}